{"id":829,"date":"2018-03-01T00:55:55","date_gmt":"2018-03-01T00:55:55","guid":{"rendered":"https:\/\/serradalua.escutismo.pt\/?page_id=829"},"modified":"2018-04-25T19:01:43","modified_gmt":"2018-04-25T19:01:43","slug":"ia-seccao","status":"publish","type":"page","link":"https:\/\/serradalua.escutismo.pt\/?page_id=829","title":{"rendered":"I\u00aa SEC\u00c7\u00c3O"},"content":{"rendered":"<div class=\"quemsomos\">\n<div class=\"inner\">\n<h2>ANA CL\u00c1UDIA LOUREN\u00c7O<\/h2>\n<p><span style=\"font-family: helvetica, arial, sans-serif;\">CHEFE DE DEPARTAMENTO<\/span><\/p>\n<ul>\n<li><span style=\"font-family: helvetica, arial, sans-serif;\">Enfermeira e estudante de Medicina<\/span><\/li>\n<li><span style=\"font-family: helvetica, arial, sans-serif;\">Agrupamento 1271 S.Br\u00e1s<\/span><\/li>\n<li><span style=\"font-family: helvetica, arial, sans-serif;\">Promessa de Lobito (1998) \u2013 Associa\u00e7\u00e3o de Guias e Escuteiros da Europa<\/span><\/li>\n<li><span style=\"font-family: helvetica, arial, sans-serif;\">Promessa de Escuteiro (2002) \u2013 Corpo Nacional de Escutas<\/span><\/li>\n<li><span style=\"font-family: helvetica, arial, sans-serif;\">Investida como Dirigente em 2015<\/span><\/li>\n<li><span style=\"font-family: helvetica, arial, sans-serif;\">Instrutora da Alcateia e Comunidade<\/span><\/li>\n<li><span style=\"font-family: helvetica, arial, sans-serif;\">Chefe Alcateia<\/span><\/li>\n<\/ul>\n<\/div>\n<div class=\"face\">\n<img loading=\"lazy\" class=\"faces size-full wp-image-877 alignright\" src=\"https:\/\/serradalua.escutismo.pt\/wp-content\/uploads\/2018\/04\/Capture-285x300.png\" alt=\"\" width=\"285\" height=\"300\" \/>\n<\/div>\n<\/div>\n","protected":false},"excerpt":{"rendered":"<p>ANA CL\u00c1UDIA LOUREN\u00c7O CHEFE DE DEPARTAMENTO Enfermeira e estudante de Medicina Agrupamento 1271 S.Br\u00e1s Promessa de Lobito (1998) \u2013 Associa\u00e7\u00e3o de Guias e Escuteiros da Europa Promessa de Escuteiro (2002) &hellip;<\/p>\n","protected":false},"author":2,"featured_media":0,"parent":0,"menu_order":1,"comment_status":"closed","ping_status":"closed","template":"","meta":[],"_links":{"self":[{"href":"https:\/\/serradalua.escutismo.pt\/index.php?rest_route=\/wp\/v2\/pages\/829"}],"collection":[{"href":"https:\/\/serradalua.escutismo.pt\/index.php?rest_route=\/wp\/v2\/pages"}],"about":[{"href":"https:\/\/serradalua.escutismo.pt\/index.php?rest_route=\/wp\/v2\/types\/page"}],"author":[{"embeddable":true,"href":"https:\/\/serradalua.escutismo.pt\/index.php?rest_route=\/wp\/v2\/users\/2"}],"replies":[{"embeddable":true,"href":"https:\/\/serradalua.escutismo.pt\/index.php?rest_route=%2Fwp%2Fv2%2Fcomments&post=829"}],"version-history":[{"count":56,"href":"https:\/\/serradalua.escutismo.pt\/index.php?rest_route=\/wp\/v2\/pages\/829\/revisions"}],"predecessor-version":[{"id":1604,"href":"https:\/\/serradalua.escutismo.pt\/index.php?rest_route=\/wp\/v2\/pages\/829\/revisions\/1604"}],"wp:attachment":[{"href":"https:\/\/serradalua.escutismo.pt\/index.php?rest_route=%2Fwp%2Fv2%2Fmedia&parent=829"}],"curies":[{"name":"wp","href":"https:\/\/api.w.org\/{rel}","templated":true}]}}