{"id":875,"date":"2018-03-01T00:55:58","date_gmt":"2018-03-01T00:55:58","guid":{"rendered":"https:\/\/serradalua.escutismo.pt\/?page_id=875"},"modified":"2018-07-27T14:57:25","modified_gmt":"2018-07-27T14:57:25","slug":"iia-seccao","status":"publish","type":"page","link":"https:\/\/serradalua.escutismo.pt\/?page_id=875","title":{"rendered":"II\u00aa SEC\u00c7\u00c3O"},"content":{"rendered":"<div class=\"quemsomos\">\n<div class=\"inner\">\n<h2 class=\"ui header\">PEDRO FONSECA<\/h2>\n<p><span style=\"font-family: helvetica, arial, sans-serif;\">CHEFE DE DEPARTAMENTO<\/span><\/p>\n<p><span style=\"font-family: helvetica, arial, sans-serif;\">RATO<\/span><\/p>\n<ul>\n<li><span style=\"font-family: helvetica, arial, sans-serif;\">Casado;<\/span><\/li>\n<li><span style=\"font-family: helvetica, arial, sans-serif;\">Fisioterapeuta;<\/span><\/li>\n<li><span style=\"font-family: helvetica, arial, sans-serif;\">Agrupamento 752 Algueir\u00e3o;<\/span><\/li>\n<li><span style=\"font-family: helvetica, arial, sans-serif;\">Lobito, Explorador, Pioneiro e Caminheiro;<\/span><\/li>\n<li><span style=\"font-family: helvetica, arial, sans-serif;\">Investido como Dirigente em 2015;<\/span><\/li>\n<li><span style=\"font-family: helvetica, arial, sans-serif;\">Instrutor de Expedi\u00e7\u00e3o;<\/span><\/li>\n<li><span style=\"font-family: helvetica, arial, sans-serif;\">Chefe de Expedi\u00e7\u00e3o;<\/span><\/li>\n<\/ul>\n<\/div>\n<div class=\"face\">\n<img loading=\"lazy\" class=\"faces size-full wp-image-877 alignright\" src=\"https:\/\/serradalua.escutismo.pt\/wp-content\/uploads\/2018\/04\/Pedro-300x298.jpeg\" alt=\"\" width=\"300\" height=\"298\" \/>\n<\/div>\n<\/div>\n","protected":false},"excerpt":{"rendered":"<p>PEDRO FONSECA CHEFE DE DEPARTAMENTO RATO Casado; Fisioterapeuta; Agrupamento 752 Algueir\u00e3o; Lobito, Explorador, Pioneiro e Caminheiro; Investido como Dirigente em 2015; Instrutor de Expedi\u00e7\u00e3o; Chefe de Expedi\u00e7\u00e3o;<\/p>\n","protected":false},"author":2,"featured_media":0,"parent":0,"menu_order":2,"comment_status":"closed","ping_status":"closed","template":"","meta":[],"_links":{"self":[{"href":"https:\/\/serradalua.escutismo.pt\/index.php?rest_route=\/wp\/v2\/pages\/875"}],"collection":[{"href":"https:\/\/serradalua.escutismo.pt\/index.php?rest_route=\/wp\/v2\/pages"}],"about":[{"href":"https:\/\/serradalua.escutismo.pt\/index.php?rest_route=\/wp\/v2\/types\/page"}],"author":[{"embeddable":true,"href":"https:\/\/serradalua.escutismo.pt\/index.php?rest_route=\/wp\/v2\/users\/2"}],"replies":[{"embeddable":true,"href":"https:\/\/serradalua.escutismo.pt\/index.php?rest_route=%2Fwp%2Fv2%2Fcomments&post=875"}],"version-history":[{"count":15,"href":"https:\/\/serradalua.escutismo.pt\/index.php?rest_route=\/wp\/v2\/pages\/875\/revisions"}],"predecessor-version":[{"id":1718,"href":"https:\/\/serradalua.escutismo.pt\/index.php?rest_route=\/wp\/v2\/pages\/875\/revisions\/1718"}],"wp:attachment":[{"href":"https:\/\/serradalua.escutismo.pt\/index.php?rest_route=%2Fwp%2Fv2%2Fmedia&parent=875"}],"curies":[{"name":"wp","href":"https:\/\/api.w.org\/{rel}","templated":true}]}}